 0*i - 4*i = 12, -g - i = 3. Suppose g*a + 10 = 5*a, -a + 47527 = 5*o. Is o prime?
False
Let u(y) = 40*y - 32. Let r be u(8). Let z = r + 2045. Is z composite?
False
Let z(p) = -100*p**2 - 2. Let i be z(2). Let t = 565 + i. Is t prime?
True
Let b(o) = -32*o**3 + 4*o**2 - 5*o - 5. Suppose 0 = 4*t + 4, m + 4*m = -t - 21. Is b(m) prime?
False
Let w = -1113 - -2068. Is w composite?
True
Let a = 803 - 189. Is 9 + -10 + a/((-1)/(-1)) a composite number?
False
Suppose 705 = 3*j + 2*j. Suppose 4*g + 0*g - j = -l, -451 = -3*l - 5*g. Is l composite?
False
Suppose 4*h + 2*p + 0*p - 92774 = 0, -2*h - 2*p + 46384 = 0. Is h composite?
True
Suppose -53*o + 55*o + 30460 = 2*a, 3*a - 45688 = o. Is a a composite number?
True
Let y = -12648 - -24643. Is y prime?
False
Let m = 1835 + -1248. Is m composite?
False
Suppose 8316 = 4*q - 3868. Is q prime?
False
Suppose 0 = 2*w - 3*p - 214, 548 = 5*w - 0*w - p. Let d be ((-6)/(-5))/(33/w). Suppose -d*q = -5*j + 261, 5*q + 128 = 5*j - 132. Is j a prime number?
True
Suppose -14*j + 340868 = 30*j. Is j composite?
True
Suppose 2*c - 78780 + 3398 = 0. Is c composite?
False
Suppose 4*g - t = -454, -2*g - 559 = 3*g + 3*t. Is (-11 - -9)/(1/g) prime?
False
Let h(y) = y - 1. Let w(d) = 2*d**2 - 5*d - 441. Let i(b) = -6*h(b) - w(b). Is i(0) composite?
True
Let m = 33 - 33. Suppose 7*r - 3*r + 8 = m. Is 917/14 + 1/r prime?
False
Suppose -2*a = -0*a. Suppose -3*o + 5*j + 47 = a, 0 = -0*o + 5*o + 2*j - 68. Is o prime?
False
Let r(o) = -3*o + 11*o**2 + 5 - 4*o - 3 + 4*o**3 - 5*o**3. Let y(l) = l**3 + 6*l**2 - 8*l. Let q be y(-7). Is r(q) a composite number?
False
Let w be 4*4 - (-36)/(-9). Is (-3)/w + 24522/8 a prime number?
False
Suppose -x + 3*w - 15 = -0*x, 0 = 4*w - 20. Suppose -12*y + 577 + 5747 = x. Is y a prime number?
False
Is (18/(-12) + 2)*17774*1 a prime number?
True
Let r = -25 - -21. Is (-5142)/(-18) - r/3 a prime number?
False
Let i(t) = -t**3 - 4*t**2 + 5*t + 6. Let j(r) = r - 10. Let v be j(5). Let u be i(v). Suppose -3*n - 9 = -u, 1635 = 4*h + n. Is h a composite number?
False
Let b(n) = 82*n**2 + 21*n + 94. Is b(-9) a composite number?
False
Let i = 30 - 24. Suppose -2*k - i*k = -2728. Is k composite?
True
Let u = 37413 - 3982. Is u a prime number?
False
Is -59133*((-2)/(-24))/(65/(-260)) composite?
True
Is 3*(-10)/(-120)*(234912 + -4) a composite number?
False
Suppose -2*g + 57813 = 1115. Is g composite?
False
Suppose -15*k = 33*k - 135312. Is k prime?
True
Suppose 5*d + 4*h - 2 = 66, 0 = 4*h + 12. Is 36*d - 20/(-20) a composite number?
False
Let h(q) = q**2 - 11*q + 20. Let i be h(17). Let x = i + 129. Is x a prime number?
True
Suppose 0 = -13*q + 4147 - 234. Let l(p) = p**2 + p + 42. Let y be l(0). Let o = q - y. Is o a prime number?
False
Let u(y) be the first derivative of 977*y**4/4 - 2*y**3 + y**2 - 3*y + 40. Is u(2) a prime number?
True
Suppose 0 = 5*n - 3*c + 25, 4*c - 3*c - 7 = n. Is (2251/n)/((-6)/12) a composite number?
False
Suppose 5*s - 2*g = 1951, 5*s + 3*g = s + 1570. Is s a prime number?
False
Let x(c) = 2042*c**2 - 3*c. Let r = -21 - -22. Is x(r) a prime number?
True
Suppose 1305 = 5*o - r, 270 = 2*o - 5*r - 275. Suppose -17*j + 18 = -16. Suppose j*d + 2*d = o. Is d a prime number?
False
Let s = -17 + 20. Suppose 0 = s*b + 4*v - 14245, -6075 + 1320 = -b + 2*v. Is b a composite number?
False
Suppose 0*d = 22*d - 27346. Is d prime?
False
Suppose s + 20 = 4*f, 37 = 5*f - 2*s + 9. Let q(p) be the first derivative of 109*p**2/2 + 9*p + 11. Is q(f) a composite number?
True
Let j = -531 - -1581. Suppose 0 = -2*d - 5*v + 2364, 0 = 3*d - 2*v + j - 4615. Is d prime?
True
Let h = -14832 - -20995. Is h a composite number?
False
Let k = 6785 - -1152. Is k a prime number?
True
Let g be -1 - (-8 + (-1 - -3)). Suppose 4*z - 10109 = -g*u, 0*u = 5*z + 2*u - 12615. Is z a prime number?
True
Suppose 0 = 4*q - 4*d - 238020, 3*q - 2*d - 40433 = 138084. Is q a prime number?
False
Suppose -305 = -y - 5*j, -4*y - 91 = -4*j - 1239. Suppose 5*g - y = 2165. Is g a composite number?
False
Let c = -4 - -18. Suppose 2*s - 4*k - 12 = 0, 2*k + c = 5*s - 0*s. Suppose -492 - 326 = -s*v. Is v a prime number?
True
Let h(j) = -31*j**3 + j**2 - 3*j + 1. Let a be h(-3). Let s = a + -463. Is s a prime number?
False
Suppose d - g - 12 = 3*g, -12 = -4*d + 4*g. Suppose 28*y - 30*y + 2734 = d. Is y prime?
True
Is ((-6745)/(-20) + 2/(-8))*1 a prime number?
True
Let q(j) = 232*j**2 + j. Let h be q(1). Suppose m = 4*o + h, 5*m + 3*o - 105 = 968. Is m a prime number?
False
Suppose -j = 2*l + 3*l - 1264, 0 = 2*j - 8. Let a = l + -53. Is a a composite number?
False
Let g(t) = 328*t + 143. Is g(18) a prime number?
True
Let f be (-26 + 38)*(1/(-3) + 1). Let m(k) = 108*k - 11. Is m(f) prime?
True
Let b(r) = -r + 8. Let x be b(6). Let g be x*2/(-4)*5. Let w(n) = -40*n - 1. Is w(g) a composite number?
False
Suppose n - 3 = 5*v + 1, 2*v - 32 = -2*n. Let x(a) = -5*a - 5. Let g be x(-5). Let i = g - n. Is i a composite number?
True
Suppose -2*q + 4 = 0, -5*q + 5096 + 8870 = 4*t. Let f = t + -1973. Suppose 3*b - f = -b. Is b prime?
True
Suppose -3*i + 4*q + 14589 = 0, 6*q + 0*q - 4863 = -i. Is i a prime number?
False
Suppose 551 - 3308 = -r - 5*l, 8323 = 3*r + 2*l. Is r a prime number?
True
Let v = 25999 + -16736. Is v composite?
True
Let t be (-14)/4*48/(-84) - 2. Suppose 2*i + i - 5763 = t. Is i prime?
False
Let m(l) = -2*l - 18. Let t be m(-8). Is t*((-5093)/2 - 30/(-10)) a prime number?
True
Let y(o) = o**2 + 6*o + 4. Let x be y(-5). Let g be (x/(-3))/(1/1371). Let d = g - 314. Is d a composite number?
True
Suppose -23230 = -3*b + 2*l + 29319, 0 = 4*b + 2*l - 70084. Is b a composite number?
False
Let m(v) = v**3 - 16*v. Let u be m(-4). Suppose 5*z - 813 = 2*s, -5*z + u*s + s + 809 = 0. Is z prime?
False
Let s(g) = 2*g + 16. Let p(n) = -3*n - 16. Let h(x) = 3*p(x) + 4*s(x). Let o be h(12). Suppose -2*a - 87 = -z, -o*a - 10 = a. Is z prime?
True
Suppose -3*o - 3*n = -84, 3*o - 72 = -0*n + n. Let c = o + -20. Suppose 501 + 114 = c*r. Is r composite?
True
Let y = 1663 + -819. Suppose -5*f + 3028 = 273. Let h = y - f. Is h a prime number?
True
Let w = 1090 + -547. Is w a prime number?
False
Let h(q) = q**2 + q + 2. Let p be h(0). Let a = 3 - -1. Suppose -4*o = a*g - 148, g + o + 37 = p*g. Is g a composite number?
False
Suppose 0 = 3*w + 19 - 49. Suppose -4*q = w + 2. Let m(d) = -4*d**3 + d**2 - d - 1. Is m(q) a composite number?
True
Suppose 0 = 3*x - 60 + 12. Let n be (2/(-4))/(2/(-24)). Suppose -n*h + 2*h = -x. Is h a composite number?
True
Let a = 86 + -138. Let v be (3*1)/((-13)/a). Suppose -11*u - 59 = -v*u. Is u a prime number?
True
Let p(m) = -m**2 + 3*m - 2. Suppose -3*x + 12 = -0*x. Let y be p(x). Is y/((-1)/(11/2)) a composite number?
True
Suppose 1081 + 70 = h. Is h composite?
False
Let n = -7338 - -12809. Is n prime?
True
Let v(o) be the third derivative of 0*o - 1/30*o**5 - 1/8*o**4 + 1/120*o**6 - 1/6*o**3 + 0 + 14*o**2. Is v(7) composite?
False
Suppose u - 4 = -1. Suppose -u*n + 56 = n. Is n a composite number?
True
Let l be (1086/4)/(6/16). Let f = l + 312. Suppose -5*p = -2*p - 4*a - 777, 4*p = -5*a + f. Is p composite?
True
Suppose s - 2 = -0. Suppose -a = -5*a - s*f + 18, 3*a - 5*f + 6 = 0. Suppose 4*q - 1461 = -j - 4*j, -a*j + 3*q + 882 = 0. Is j a composite number?
False
Let t(y) = -y**3 + 13*y**2 + 6*y - 1. Let p be t(10). Let a = -218 + p. Is a a prime number?
False
Let x = -1111 + 2214. Is x composite?
False
Is -3*4/(-48) + 99315/36 prime?
False
Suppose 8*a - 80 = 6*a. Let r be ((-24)/10)/((-12)/a). Is 315 - 0 - (r + -10) a composite number?
False
Suppose -5*j - 78 = -13. Let r = -16 + 70. Let z = r - j. Is z a prime number?
True
Suppose -938868 = -260*z + 248*z. Is z a composite number?
True
Suppose 0*x = 2*x - 2*q + 2, x + 4*q = 19. Is 712/x + 2/(-6) prime?
False
Let f(p) = p + 12. Let n be f(-9). Suppose n*m + 0 = 6. Suppose -m*q + 165 = 3*q. Is q a composite number?
True
Suppose 3*u = 4*u + 1058. Let w = 1176 - u. Is w a composite number?
True
Suppose -4*i = 3*y - 44108, -6*i + 66162 = -5*y + 4*y. Is i composite?
False
Suppose 21126 = 11*t - 13073. Is t composite?
False
Suppose 4*j = 5*m + 1925, -j + 5*m = 2*m - 476. Is j composite?
True
Let a(g) = -93*g + 38. Is a(-7) a prime number?
False
Let n(u) = 29*u**2 - 3*u + 5. Suppo